{"id":10352,"date":"2020-12-18T15:51:23","date_gmt":"2020-12-18T14:51:23","guid":{"rendered":"https:\/\/www.terres-de-seine.fr\/foret-regionale-de-rosny\/"},"modified":"2021-04-28T11:49:59","modified_gmt":"2021-04-28T09:49:59","slug":"foret-regionale-de-rosny","status":"publish","type":"page","link":"https:\/\/www.terres-de-seine.fr\/en\/foret-regionale-de-rosny\/","title":{"rendered":"EN &#8211; For\u00eat r\u00e9gionale de Rosny"},"content":{"rendered":"<div class=\"wpb-content-wrapper\"><p>[vc_row][vc_column][vc_column_text]<\/p>\n<h1>Terre de Nature<\/h1>\n<h2><span style=\"font-weight: 400;\">Texte anglais<\/span><\/h2>\n<h2 class=\"chapeau\">Par ici, la vall\u00e9e de Seine regorge de paysages fa\u00e7onn\u00e9s par dame nature. Promeneur, r\u00eaveur, marcheur ou randonneur, \u00e0 v\u00e9lo, \u00e0 trottinette, \u00e0 cheval ou \u00e0 pied, le terrain de jeu est \u00e0 la mesure de son immensit\u00e9 et il vous attend ! Les sens en \u00e9veil, \u00e0 l&#8217;\u00e9coute de la nature, \u00e0 chacun son rythme et sa saison. Un environnement dans lequel vous retrouverez des couleurs made in vitamine D !<\/h2>\n<p>[\/vc_column_text]<div class=\"rsetprint\"><a href=\"https:\/\/www.facebook.com\/sharer\/sharer.php?u=https%3A%2F%2Fwww.terres-de-seine.fr%2Fen%2Fwp-json%2Fwp%2Fv2%2Fpages%2F10352\" target=\"_blank\"><img decoding=\"async\" src=\"\/wp-content\/themes\/yatatheme\/img\/picto\/facebook_black.svg\"><\/a><a href=\"https:\/\/twitter.com\/intent\/tweet\/?url=https%3A%2F%2Fwww.terres-de-seine.fr%2Fen%2Fwp-json%2Fwp%2Fv2%2Fpages%2F10352\" target=\"_blank\"><img decoding=\"async\" src=\"\/wp-content\/themes\/yatatheme\/img\/picto\/twitter_black.svg\"><\/a><a href=\"javascript:window.print()\"><img decoding=\"async\" src=\"\/wp-content\/themes\/yatatheme\/img\/picto\/print_black.svg\"><\/a><\/div>[vc_empty_space height=&#8221;75px&#8221;][\/vc_column][\/vc_row][vc_row][vc_column width=&#8221;1\/2&#8243;][vc_btn title=&#8221;Vous avez besoin de plans&#8221; style=&#8221;outline&#8221; shape=&#8221;square&#8221; color=&#8221;inverse&#8221; size=&#8221;lg&#8221; align=&#8221;center&#8221; i_icon_fontawesome=&#8221;far fa-map&#8221; button_block=&#8221;true&#8221; add_icon=&#8221;true&#8221;][\/vc_column][vc_column width=&#8221;1\/2&#8243;][vc_btn title=&#8221;T\u00e9l\u00e9charger le guide des bonnes pratiques&#8221; style=&#8221;outline&#8221; shape=&#8221;square&#8221; color=&#8221;inverse&#8221; size=&#8221;lg&#8221; align=&#8221;center&#8221; i_icon_fontawesome=&#8221;far fa-file-pdf&#8221; button_block=&#8221;true&#8221; add_icon=&#8221;true&#8221;][\/vc_column][\/vc_row][vc_row][vc_column][vc_empty_space height=&#8221;75px&#8221;][\/vc_column][\/vc_row][vc_row][vc_column css=&#8221;.vc_custom_1619600381514{margin-right: 0px !important;padding-top: 0px !important;padding-right: 0px !important;padding-bottom: 0px !important;padding-left: 0px !important;background-image: url(https:\/\/www.terres-de-seine.fr\/wp-content\/uploads\/2021\/04\/DJI_0303-scaled.jpg?id=10259) !important;background-position: center !important;background-repeat: no-repeat !important;background-size: cover !important;}&#8221;][vc_row_inner][vc_column_inner width=&#8221;1\/2&#8243;][vc_empty_space height=&#8221;725px&#8221;][\/vc_column_inner][vc_column_inner el_class=&#8221;decalage-droite&#8221; width=&#8221;1\/2&#8243;][vc_column_text css=&#8221;.vc_custom_1619600400413{padding-top: 50px !important;padding-right: 70px !important;padding-bottom: 50px !important;padding-left: 50px !important;background-color: #ffffff !important;}&#8221;]<\/p>\n<h3><span style=\"color: #8dcfe5;\"><span style=\"color: #9bc3d1;\">Respirer<\/span><\/span><\/h3>\n<p style=\"text-align: justify;\"><span style=\"font-weight: 400;\">C<\/span><span style=\"font-weight: 400;\">\u00f4t\u00e9 ouest de Terres de Seine, grande bouff\u00e9e d\u2019air frais dans la for\u00eat de Rosny-sur-Seine et ses plus de 1751 hectares, en toute qui\u00e9tude. Au bout d\u2019un sentier, tapis de jonquilles, ch\u00e2taignes ou muguet des belv\u00e9d\u00e8res dominent les boucles majestueuses de la Seine, de quoi s\u2019enivrer de ce paysage vallonn\u00e9 et de ces terres agricoles.<\/span> <span style=\"font-weight: 400;\">Votre \u0153il averti s\u2019\u00e9tonnera aussi de la richesse de la faune et de la flore, buse, chouette hulotte, renard ou chevreuil peuplent cette for\u00eat r\u00e9gionale. <\/span><\/p>\n<p>[\/vc_column_text][\/vc_column_inner][\/vc_row_inner][\/vc_column][\/vc_row][vc_row][vc_column][vc_empty_space height=&#8221;100px&#8221;][\/vc_column][\/vc_row][vc_row][vc_column css=&#8221;.vc_custom_1616421657499{padding-top: 0px !important;padding-right: 0px !important;padding-bottom: 0px !important;padding-left: 0px !important;background-position: center !important;background-repeat: no-repeat !important;background-size: cover !important;}&#8221; el_class=&#8221;imagefond_vc&#8221;][vc_row_inner][vc_column_inner el_class=&#8221;decalage-droite&#8221; width=&#8221;1\/3&#8243;][vc_empty_space height=&#8221;50px&#8221;][vc_column_text css=&#8221;.vc_custom_1619529861205{margin-right: -100px !important;padding-top: 50px !important;padding-right: 50px !important;padding-bottom: 50px !important;padding-left: 50px !important;background-color: #ffffff !important;}&#8221;]<\/p>\n<h3><span style=\"color: #9bc3d1;\">Une nature authentique<\/span><\/h3>\n<p style=\"text-align: justify;\"><span style=\"font-weight: 400;\">Vous serez surpris par un patrimoine historique tel le Kiosque de Rosny, vestige de l&#8217;Exposition Universelle de 1900 ou bien encore, cette curiosit\u00e9 naturelle, le ch\u00eane Mademoiselle. Cet arbre remarquable de plus de 4 m\u00e8tres de circonf\u00e9rence, t\u00e9moin privil\u00e9gi\u00e9 du XVI<\/span><span style=\"font-weight: 400;\">\u00e8me<\/span><span style=\"font-weight: 400;\"> si\u00e8cle lorsque Sully, ministre du roi Henri IV, \u00e9tait le propri\u00e9taire des lieux. Plus loin, vous entrevoyez les vestiges du ch\u00e2teau des Beurons, construit vers 1615 par le conseiller et m\u00e9decin du roi Louis XIII, Simon Letellier. Vous retiendrez\u00a0 toutes ces histoires qui nourriront vos contes et l\u00e9gendes !<\/span><\/p>\n<p style=\"text-align: justify;\"><span style=\"color: #9bc3d1;\"><strong>Bon \u00e0 savoir<\/strong><\/span><i><span style=\"font-weight: 400;\"> : <\/span><\/i><span style=\"font-weight: 400;\">l<\/span><span style=\"font-weight: 400;\">a for\u00eat r\u00e9gionale de Rosny est inscrite depuis 1971 et appartient au site Natura 2000 \u00ab Boucles de Moisson, de Guernes et for\u00eat de Rosny \u00bb<\/span><\/p>\n<p>[\/vc_column_text][\/vc_column_inner][vc_column_inner width=&#8221;2\/3&#8243; css=&#8221;.vc_custom_1616421744641{background-image: url(https:\/\/www.terres-de-seine.fr\/wp-content\/uploads\/2021\/03\/002-ma-nature-1.jpg?id=7846) !important;background-position: center !important;background-repeat: no-repeat !important;background-size: cover !important;}&#8221;][vc_empty_space height=&#8221;800px&#8221;][\/vc_column_inner][\/vc_row_inner][\/vc_column][\/vc_row][vc_row][vc_column][vc_empty_space height=&#8221;100px&#8221;][\/vc_column][\/vc_row][vc_row full_width=&#8221;stretch_row_content&#8221;][vc_column]<div class=\"yataslick\"><div class=\"yataslickinside\"><div class=\"yataslide_imageportrait\" style=\"height:700px; background-image:url(https:\/\/www.terres-de-seine.fr\/wp-content\/uploads\/2021\/03\/047-trottinette-geante-1900x1268.jpg);\"><\/div><\/div><div class=\"yataslickinside\"><div class=\"yataslide_imageportrait\" style=\"height:700px; background-image:url(https:\/\/www.terres-de-seine.fr\/wp-content\/uploads\/2021\/03\/034-accrobranche-1900x1265.jpg);\"><\/div><\/div><div class=\"yataslickinside\"><div class=\"yataslide_imageportrait\" style=\"height:700px; background-image:url(https:\/\/www.terres-de-seine.fr\/wp-content\/uploads\/2021\/03\/035-wakeboard-1900x1268.jpg);\"><\/div><\/div><div class=\"yataslickinside\"><div class=\"yataslide_imageportrait\" style=\"height:700px; background-image:url(https:\/\/www.terres-de-seine.fr\/wp-content\/uploads\/2021\/03\/009-seine-velo-cmabel-amber-1900x1267.jpg);\"><\/div><\/div><\/div><script>$(\".yataslick\").slick({slidesToShow: 1, slidesToScroll: 1, dots: true});<\/script>[vc_empty_space height=&#8221;60px&#8221;][\/vc_column][\/vc_row][vc_row][vc_column width=&#8221;1\/2&#8243;][vc_btn title=&#8221;Vous avez besoin de plans&#8221; style=&#8221;outline&#8221; shape=&#8221;square&#8221; color=&#8221;inverse&#8221; size=&#8221;lg&#8221; align=&#8221;center&#8221; i_icon_fontawesome=&#8221;far fa-map&#8221; button_block=&#8221;true&#8221; add_icon=&#8221;true&#8221;][\/vc_column][vc_column width=&#8221;1\/2&#8243;][vc_btn title=&#8221;T\u00e9l\u00e9charger le guide des bonnes pratiques&#8221; style=&#8221;outline&#8221; shape=&#8221;square&#8221; color=&#8221;inverse&#8221; size=&#8221;lg&#8221; align=&#8221;center&#8221; i_icon_fontawesome=&#8221;far fa-file-pdf&#8221; button_block=&#8221;true&#8221; add_icon=&#8221;true&#8221;][\/vc_column][\/vc_row][vc_row][vc_column css=&#8221;.vc_custom_1616410125295{padding-top: 0px !important;}&#8221;][vc_empty_space height=&#8221;100px&#8221;][\/vc_column][\/vc_row][vc_row][vc_column width=&#8221;1\/2&#8243;][vc_icon type=&#8221;fapro&#8221; color=&#8221;black&#8221; size=&#8221;xl&#8221; align=&#8221;center&#8221; icon_fapro=&#8221;IcoFont icon-resto&#8221; css=&#8221;.vc_custom_1619531680370{margin-bottom: 0px !important;}&#8221;][vc_empty_space height=&#8221;20px&#8221;][vc_column_text]<\/p>\n<h2 style=\"text-align: center;\">Une petite faim<\/h2>\n<h3 style=\"text-align: center;\"><span style=\"color: #9bc3d1;\">apr\u00e8s la balade ?<\/span><\/h3>\n<p>[\/vc_column_text][vc_single_image image=&#8221;7982&#8243; img_size=&#8221;500&#215;500&#8243; alignment=&#8221;center&#8221; style=&#8221;vc_box_rounded&#8221; onclick=&#8221;custom_link&#8221; link=&#8221;https:\/\/www.terres-de-seine.fr\/votre-sejour\/je-mange\/&#8221; el_class=&#8221;withshadow&#8221;][\/vc_column][vc_column width=&#8221;1\/2&#8243;][vc_icon type=&#8221;fapro&#8221; color=&#8221;black&#8221; size=&#8221;xl&#8221; align=&#8221;center&#8221; icon_fapro=&#8221;IcoFont icon-hebergement&#8221; css=&#8221;.vc_custom_1616754870223{margin-bottom: 0px !important;}&#8221;][vc_empty_space height=&#8221;20px&#8221;][vc_column_text]<\/p>\n<h2 style=\"text-align: center;\">Une envie de<\/h2>\n<h3 style=\"text-align: center;\"><span style=\"color: #9bc3d1;\">dormir sur place ?<\/span><\/h3>\n<p>[\/vc_column_text][vc_single_image image=&#8221;7313&#8243; img_size=&#8221;500&#215;500&#8243; alignment=&#8221;center&#8221; style=&#8221;vc_box_rounded&#8221; onclick=&#8221;custom_link&#8221; link=&#8221;https:\/\/www.terres-de-seine.fr\/votre-sejour\/je-dors\/&#8221; css=&#8221;.vc_custom_1619532299553{border-radius: 20px !important;}&#8221; el_class=&#8221;withshadow&#8221;][\/vc_column][\/vc_row][vc_row][vc_column][vc_empty_space height=&#8221;50px&#8221;]\n                <div class=\"blocinfos\">\n                    <div class=\"titre1blocinfos\">Vous avez besoin d'informations, de sur-mesure, d'un guide...<\/div>\n                    <div class=\"titre2blocinfos\">Notre \u00e9quipe est l\u00e0 pour vous<\/div>\n                    <a href=\"https:\/\/www.terres-de-seine.fr\/en\/nous-contacter\/\">Nous contacter<\/a>\n                    <div class=\"icone1blocinfos\"><img decoding=\"async\" src=\"\/wp-content\/themes\/yatatheme\/img\/picto\/velo.svg\"><\/div>\n                    <div class=\"icone2blocinfos\"><img decoding=\"async\" src=\"\/wp-content\/themes\/yatatheme\/img\/picto\/feuille.svg\"><\/div>\n                <\/div>\n                [\/vc_column][\/vc_row]<\/p>\n<\/div>","protected":false},"excerpt":{"rendered":"<p>[vc_row][vc_column][vc_column_text] Terre de Nature Texte anglais Par ici, la vall\u00e9e de Seine regorge de paysages fa\u00e7onn\u00e9s par dame nature. Promeneur, r\u00eaveur, marcheur ou randonneur, \u00e0 v\u00e9lo, \u00e0 trottinette, \u00e0 cheval ou \u00e0 pied, le terrain de jeu est \u00e0 la mesure de son immensit\u00e9 et il vous attend ! Les sens en \u00e9veil, \u00e0 l&#8217;\u00e9coute [&hellip;]<\/p>\n","protected":false},"author":1,"featured_media":7849,"parent":0,"menu_order":0,"comment_status":"closed","ping_status":"closed","template":"","meta":{"_acf_changed":false,"footnotes":""},"motscles":[],"class_list":["post-10352","page","type-page","status-publish","has-post-thumbnail","hentry"],"acf":[],"_links":{"self":[{"href":"https:\/\/www.terres-de-seine.fr\/en\/wp-json\/wp\/v2\/pages\/10352","targetHints":{"allow":["GET"]}}],"collection":[{"href":"https:\/\/www.terres-de-seine.fr\/en\/wp-json\/wp\/v2\/pages"}],"about":[{"href":"https:\/\/www.terres-de-seine.fr\/en\/wp-json\/wp\/v2\/types\/page"}],"author":[{"embeddable":true,"href":"https:\/\/www.terres-de-seine.fr\/en\/wp-json\/wp\/v2\/users\/1"}],"replies":[{"embeddable":true,"href":"https:\/\/www.terres-de-seine.fr\/en\/wp-json\/wp\/v2\/comments?post=10352"}],"version-history":[{"count":2,"href":"https:\/\/www.terres-de-seine.fr\/en\/wp-json\/wp\/v2\/pages\/10352\/revisions"}],"predecessor-version":[{"id":10354,"href":"https:\/\/www.terres-de-seine.fr\/en\/wp-json\/wp\/v2\/pages\/10352\/revisions\/10354"}],"wp:featuredmedia":[{"embeddable":true,"href":"https:\/\/www.terres-de-seine.fr\/en\/wp-json\/wp\/v2\/media\/7849"}],"wp:attachment":[{"href":"https:\/\/www.terres-de-seine.fr\/en\/wp-json\/wp\/v2\/media?parent=10352"}],"wp:term":[{"taxonomy":"motscles","embeddable":true,"href":"https:\/\/www.terres-de-seine.fr\/en\/wp-json\/wp\/v2\/motscles?post=10352"}],"curies":[{"name":"wp","href":"https:\/\/api.w.org\/{rel}","templated":true}]}}

EN &#8211; Forêt régionale de Rosny

<div class="wpb-content-wrapper"><p>[vc_row][vc_column][vc_column_text]</p>
<h1>Terre de Nature</h1>
<h2><span style="font-weight: 400;">Texte anglais</span></h2>
<h2 class="chapeau">Par ici, la vallée de Seine regorge de paysages façonnés par dame nature. Promeneur, rêveur, marcheur ou randonneur, à vélo, à trottinette, à cheval ou à pied, le terrain de jeu est à la mesure de son immensité et il vous attend ! Les sens en éveil, à l&#8217;écoute de la nature, à chacun son rythme et sa saison. Un environnement dans lequel vous retrouverez des couleurs made in vitamine D !</h2>
<p>[/vc_column_text]<div class="rsetprint"><a href="https://www.facebook.com/sharer/sharer.php?u=https%3A%2F%2Fwww.terres-de-seine.fr%2Fen%2Fwp-json%2Fwp%2Fv2%2Fpages%2F10352" target="_blank"><img decoding="async" src="/wp-content/themes/yatatheme/img/picto/facebook_black.svg"></a><a href="https://twitter.com/intent/tweet/?url=https%3A%2F%2Fwww.terres-de-seine.fr%2Fen%2Fwp-json%2Fwp%2Fv2%2Fpages%2F10352" target="_blank"><img decoding="async" src="/wp-content/themes/yatatheme/img/picto/twitter_black.svg"></a><a href="javascript:window.print()"><img decoding="async" src="/wp-content/themes/yatatheme/img/picto/print_black.svg"></a></div>[vc_empty_space height=&#8221;75px&#8221;][/vc_column][/vc_row][vc_row][vc_column width=&#8221;1/2&#8243;][vc_btn title=&#8221;Vous avez besoin de plans&#8221; style=&#8221;outline&#8221; shape=&#8221;square&#8221; color=&#8221;inverse&#8221; size=&#8221;lg&#8221; align=&#8221;center&#8221; i_icon_fontawesome=&#8221;far fa-map&#8221; button_block=&#8221;true&#8221; add_icon=&#8221;true&#8221;][/vc_column][vc_column width=&#8221;1/2&#8243;][vc_btn title=&#8221;Télécharger le guide des bonnes pratiques&#8221; style=&#8221;outline&#8221; shape=&#8221;square&#8221; color=&#8221;inverse&#8221; size=&#8221;lg&#8221; align=&#8221;center&#8221; i_icon_fontawesome=&#8221;far fa-file-pdf&#8221; button_block=&#8221;true&#8221; add_icon=&#8221;true&#8221;][/vc_column][/vc_row][vc_row][vc_column][vc_empty_space height=&#8221;75px&#8221;][/vc_column][/vc_row][vc_row][vc_column css=&#8221;.vc_custom_1619600381514{margin-right: 0px !important;padding-top: 0px !important;padding-right: 0px !important;padding-bottom: 0px !important;padding-left: 0px !important;background-image: url(https://www.terres-de-seine.fr/wp-content/uploads/2021/04/DJI_0303-scaled.jpg?id=10259) !important;background-position: center !important;background-repeat: no-repeat !important;background-size: cover !important;}&#8221;][vc_row_inner][vc_column_inner width=&#8221;1/2&#8243;][vc_empty_space height=&#8221;725px&#8221;][/vc_column_inner][vc_column_inner el_class=&#8221;decalage-droite&#8221; width=&#8221;1/2&#8243;][vc_column_text css=&#8221;.vc_custom_1619600400413{padding-top: 50px !important;padding-right: 70px !important;padding-bottom: 50px !important;padding-left: 50px !important;background-color: #ffffff !important;}&#8221;]</p>
<h3><span style="color: #8dcfe5;"><span style="color: #9bc3d1;">Respirer</span></span></h3>
<p style="text-align: justify;"><span style="font-weight: 400;">C</span><span style="font-weight: 400;">ôté ouest de Terres de Seine, grande bouffée d’air frais dans la forêt de Rosny-sur-Seine et ses plus de 1751 hectares, en toute quiétude. Au bout d’un sentier, tapis de jonquilles, châtaignes ou muguet des belvédères dominent les boucles majestueuses de la Seine, de quoi s’enivrer de ce paysage vallonné et de ces terres agricoles.</span> <span style="font-weight: 400;">Votre œil averti s’étonnera aussi de la richesse de la faune et de la flore, buse, chouette hulotte, renard ou chevreuil peuplent cette forêt régionale. </span></p>
<p>[/vc_column_text][/vc_column_inner][/vc_row_inner][/vc_column][/vc_row][vc_row][vc_column][vc_empty_space height=&#8221;100px&#8221;][/vc_column][/vc_row][vc_row][vc_column css=&#8221;.vc_custom_1616421657499{padding-top: 0px !important;padding-right: 0px !important;padding-bottom: 0px !important;padding-left: 0px !important;background-position: center !important;background-repeat: no-repeat !important;background-size: cover !important;}&#8221; el_class=&#8221;imagefond_vc&#8221;][vc_row_inner][vc_column_inner el_class=&#8221;decalage-droite&#8221; width=&#8221;1/3&#8243;][vc_empty_space height=&#8221;50px&#8221;][vc_column_text css=&#8221;.vc_custom_1619529861205{margin-right: -100px !important;padding-top: 50px !important;padding-right: 50px !important;padding-bottom: 50px !important;padding-left: 50px !important;background-color: #ffffff !important;}&#8221;]</p>
<h3><span style="color: #9bc3d1;">Une nature authentique</span></h3>
<p style="text-align: justify;"><span style="font-weight: 400;">Vous serez surpris par un patrimoine historique tel le Kiosque de Rosny, vestige de l&#8217;Exposition Universelle de 1900 ou bien encore, cette curiosité naturelle, le chêne Mademoiselle. Cet arbre remarquable de plus de 4 mètres de circonférence, témoin privilégié du XVI</span><span style="font-weight: 400;">ème</span><span style="font-weight: 400;"> siècle lorsque Sully, ministre du roi Henri IV, était le propriétaire des lieux. Plus loin, vous entrevoyez les vestiges du château des Beurons, construit vers 1615 par le conseiller et médecin du roi Louis XIII, Simon Letellier. Vous retiendrez  toutes ces histoires qui nourriront vos contes et légendes !</span></p>
<p style="text-align: justify;"><span style="color: #9bc3d1;"><strong>Bon à savoir</strong></span><i><span style="font-weight: 400;"> : </span></i><span style="font-weight: 400;">l</span><span style="font-weight: 400;">a forêt régionale de Rosny est inscrite depuis 1971 et appartient au site Natura 2000 « Boucles de Moisson, de Guernes et forêt de Rosny »</span></p>
<p>[/vc_column_text][/vc_column_inner][vc_column_inner width=&#8221;2/3&#8243; css=&#8221;.vc_custom_1616421744641{background-image: url(https://www.terres-de-seine.fr/wp-content/uploads/2021/03/002-ma-nature-1.jpg?id=7846) !important;background-position: center !important;background-repeat: no-repeat !important;background-size: cover !important;}&#8221;][vc_empty_space height=&#8221;800px&#8221;][/vc_column_inner][/vc_row_inner][/vc_column][/vc_row][vc_row][vc_column][vc_empty_space height=&#8221;100px&#8221;][/vc_column][/vc_row][vc_row full_width=&#8221;stretch_row_content&#8221;][vc_column]<div class="yataslick"><div class="yataslickinside"><div class="yataslide_imageportrait" style="height:700px; background-image:url(https://www.terres-de-seine.fr/wp-content/uploads/2021/03/047-trottinette-geante-1900x1268.jpg);"></div></div><div class="yataslickinside"><div class="yataslide_imageportrait" style="height:700px; background-image:url(https://www.terres-de-seine.fr/wp-content/uploads/2021/03/034-accrobranche-1900x1265.jpg);"></div></div><div class="yataslickinside"><div class="yataslide_imageportrait" style="height:700px; background-image:url(https://www.terres-de-seine.fr/wp-content/uploads/2021/03/035-wakeboard-1900x1268.jpg);"></div></div><div class="yataslickinside"><div class="yataslide_imageportrait" style="height:700px; background-image:url(https://www.terres-de-seine.fr/wp-content/uploads/2021/03/009-seine-velo-cmabel-amber-1900x1267.jpg);"></div></div></div><script>$(".yataslick").slick({slidesToShow: 1, slidesToScroll: 1, dots: true});</script>[vc_empty_space height=&#8221;60px&#8221;][/vc_column][/vc_row][vc_row][vc_column width=&#8221;1/2&#8243;][vc_btn title=&#8221;Vous avez besoin de plans&#8221; style=&#8221;outline&#8221; shape=&#8221;square&#8221; color=&#8221;inverse&#8221; size=&#8221;lg&#8221; align=&#8221;center&#8221; i_icon_fontawesome=&#8221;far fa-map&#8221; button_block=&#8221;true&#8221; add_icon=&#8221;true&#8221;][/vc_column][vc_column width=&#8221;1/2&#8243;][vc_btn title=&#8221;Télécharger le guide des bonnes pratiques&#8221; style=&#8221;outline&#8221; shape=&#8221;square&#8221; color=&#8221;inverse&#8221; size=&#8221;lg&#8221; align=&#8221;center&#8221; i_icon_fontawesome=&#8221;far fa-file-pdf&#8221; button_block=&#8221;true&#8221; add_icon=&#8221;true&#8221;][/vc_column][/vc_row][vc_row][vc_column css=&#8221;.vc_custom_1616410125295{padding-top: 0px !important;}&#8221;][vc_empty_space height=&#8221;100px&#8221;][/vc_column][/vc_row][vc_row][vc_column width=&#8221;1/2&#8243;][vc_icon type=&#8221;fapro&#8221; color=&#8221;black&#8221; size=&#8221;xl&#8221; align=&#8221;center&#8221; icon_fapro=&#8221;IcoFont icon-resto&#8221; css=&#8221;.vc_custom_1619531680370{margin-bottom: 0px !important;}&#8221;][vc_empty_space height=&#8221;20px&#8221;][vc_column_text]</p>
<h2 style="text-align: center;">Une petite faim</h2>
<h3 style="text-align: center;"><span style="color: #9bc3d1;">après la balade ?</span></h3>
<p>[/vc_column_text][vc_single_image image=&#8221;7982&#8243; img_size=&#8221;500&#215;500&#8243; alignment=&#8221;center&#8221; style=&#8221;vc_box_rounded&#8221; onclick=&#8221;custom_link&#8221; link=&#8221;https://www.terres-de-seine.fr/votre-sejour/je-mange/&#8221; el_class=&#8221;withshadow&#8221;][/vc_column][vc_column width=&#8221;1/2&#8243;][vc_icon type=&#8221;fapro&#8221; color=&#8221;black&#8221; size=&#8221;xl&#8221; align=&#8221;center&#8221; icon_fapro=&#8221;IcoFont icon-hebergement&#8221; css=&#8221;.vc_custom_1616754870223{margin-bottom: 0px !important;}&#8221;][vc_empty_space height=&#8221;20px&#8221;][vc_column_text]</p>
<h2 style="text-align: center;">Une envie de</h2>
<h3 style="text-align: center;"><span style="color: #9bc3d1;">dormir sur place ?</span></h3>
<p>[/vc_column_text][vc_single_image image=&#8221;7313&#8243; img_size=&#8221;500&#215;500&#8243; alignment=&#8221;center&#8221; style=&#8221;vc_box_rounded&#8221; onclick=&#8221;custom_link&#8221; link=&#8221;https://www.terres-de-seine.fr/votre-sejour/je-dors/&#8221; css=&#8221;.vc_custom_1619532299553{border-radius: 20px !important;}&#8221; el_class=&#8221;withshadow&#8221;][/vc_column][/vc_row][vc_row][vc_column][vc_empty_space height=&#8221;50px&#8221;]
                <div class="blocinfos">
                    <div class="titre1blocinfos">Vous avez besoin d'informations, de sur-mesure, d'un guide...</div>
                    <div class="titre2blocinfos">Notre équipe est là pour vous</div>
                    <a href="https://www.terres-de-seine.fr/en/nous-contacter/">Nous contacter</a>
                    <div class="icone1blocinfos"><img decoding="async" src="/wp-content/themes/yatatheme/img/picto/velo.svg"></div>
                    <div class="icone2blocinfos"><img decoding="async" src="/wp-content/themes/yatatheme/img/picto/feuille.svg"></div>
                </div>
                [/vc_column][/vc_row]</p>
</div>

<p>[vc_row][vc_column][vc_column_text] Terre de Nature Texte anglais Par ici, la vallée de Seine regorge de paysages façonnés par dame nature. Promeneur, rêveur, marcheur ou randonneur, à vélo, à trottinette, à cheval ou à pied, le terrain de jeu est à la mesure de son immensité et il vous attend ! Les sens en éveil, à l&#8217;écoute [&hellip;]</p>
